) = -8*r + 16. Suppose 2*p + 5*p = 0. What is the remainder when 41 is divided by w(p)?
9
Let h be (3 - 4)*1 + -11. What is the remainder when (-215 - -8)*1/(-3) is divided by 72/(-2)*6/h?
15
Let l be (-687)/(-27) + 16/(-36). What is the remainder when 73 is divided by l - (-1 - 3)*(-3)/(-12)?
21
Let v(z) = -179 - 82 + 16*z + 62. Suppose 50 + 14 = 4*r + 2*d, 5*d - 55 = -3*r. Calculate the remainder when v(16) is divided by r.
12
Let j = 11629 + -11019. What is the remainder when j is divided by 87?
1
Let x = 70824 - 70807. Calculate the remainder when 2/(-5) - 422/(-5) is divided by x.
16
Let m = 124 - 108. Suppose 0 = 8*z - 40 - m. What is the remainder when 7 is divided by z?
0
Let n(o) = -3*o**2 - 134*o - 64. Calculate the remainder when 1436 is divided by n(-44).
20
Suppose -1938 = -212*c + 178*c. Let v(s) = -2*s - 1. Let x be v(-13). Suppose -x = -2*k - p, -3*k - k + p = -47. Calculate the remainder when c is divided by k.
9
Let a(f) = -9*f - 2. Suppose 41*n = 63 + 388. Calculate the remainder when n is divided by a(-1).
4
Let v = -53 + 55. Suppose -f = 5, 4*f + 22 = 2*a + 2*f. Calculate the remainder when a is divided by v.
0
Suppose 9 = 2*s + 1, -g - s + 6 = 0. Let q = -16 + 25. What is the remainder when 1*(3 + 15 - g) is divided by q?
7
Let x(b) = -b**2 - 97*b - 1758. What is the remainder when x(-33) is divided by 307?
47
Let v = -179098 - -179123. Suppose 4*n = 4*s - 480, 0 = 2*s + 4*n - 202 - 44. Calculate the remainder when s is divided by v.
21
Let c be (3/(-9))/((-3)/72). Let i be 19 - 4/c*-6. Let v = 23 + i. What is the remainder when v is divided by 23?
22
Suppose 3*x + 24 = 2*d - 76, 4*x = 2*d - 106. Suppose 2*j + 5*q = 27, q = -4*j - 2*q + 47. Calculate the remainder when d is divided by j.
8
Suppose -5*t + 824 = 4*p, 5*p + 4*t - 296 = 725. Let c = -33 - -74. Calculate the remainder when p is divided by c.
37
Let z be (4/6)/((-5)/(-45)). Let i = 27 - z. Suppose -111*h = -289 - 790 - 253. What is the remainder when i is divided by h?
9
Suppose 24*m + 3*x = 32*m - 650, -5*m - 5*x = -420. Calculate the remainder when 6801 is divided by m.
77
Suppose -71*y = 575 - 2350. Suppose -5*w + c + 210 + 148 = 0, 59 = w + 4*c. What is the remainder when w is divided by y?
21
Let k(l) be the third derivative of l**5/30 - l**4/6 - 7*l**3/3 - 105*l**2. Calculate the remainder when 390 is divided by k(-5).
54
Let l(o) = 2*o**3 - 15*o**2 + 12*o - 29. Let q be l(7). Suppose -2*d + 74 = -q. Calculate the remainder when d is divided by 6.
4
Let x = -14518 + 14553. Calculate the remainder when 133 is divided by x.
28
Suppose -2460 = -27*h - 3*h. What is the remainder when h is divided by 30?
22
Let v = 17623 + -15896. Calculate the remainder when v is divided by 17.
10
Suppose 0 = -67*u - 35 + 2087 + 25. Calculate the remainder when 36486 is divided by u.
30
Let z(o) = -12*o**2 - 27*o - 130. Let y(c) = -9*c**2 - 27*c - 130. Let l(g) = 5*y(g) - 4*z(g). What is the remainder when 151 is divided by l(-4)?
21
Let o(v) = 41*v - 1536. Calculate the remainder when o(61) is divided by 28.
13
Let m = -190 + 194. Suppose l - m*t = 32, -5*l + 175 = t - 6*t. What is the remainder when 88 is divided by l?
16
Let f(r) = -22*r**2 - 3*r - 46. Let p be f(12). Calculate the remainder when 47 is divided by (2 - (-40)/(-19)) + p/(-190).
13
What is the remainder when (-4 + (125 - 13))*(-1)/(-2) is divided by 7?
5
Suppose -55*c + 4783 - 1593 = 0. Calculate the remainder when 1040 is divided by c.
54
Suppose 0*j + 3*j - 5765 = -2*j. Calculate the remainder when j is divided by 168.
145
Let p(y) = 158*y**2 - 12*y + 1. Let f be p(1). Let s = f + -131. Calculate the remainder when 31 is divided by s.
15
Let k be (-7)/(-5) + 30/(-75). Let u be 52/(-8) + k/(-2). Let y(t) = -5*t - 18. Calculate the remainder when 67 is divided by y(u).
16
Let i(p) = p**2 - 18*p - 1488. What is the remainder when 3918 is divided by i(50)?
110
Let q = -15 - 334. Let o = -298 - q. Calculate the remainder when o is divided by 21.
9
Let s = -9639 - -9915. Calculate the remainder when s is divided by 88.
12
Let w = -5322 - -5459. Calculate the remainder when 10959 is divided by w.
136
Suppose 4*n + 3*m = 113, -12 = -3*m - m. Suppose 426*v = 402*v + 2136. What is the remainder when v is divided by n?
11
Suppose -2*t - 2*x = -861 - 1409, -t + 1141 = -x. Calculate the remainder when t is divided by 60.
58
Let d(v) = -24 + 41 - 23 + 40*v + 12*v. Let s be d(-2). What is the remainder when 223 is divided by 20/s + (-497)/(-11)?
43
Calculate the remainder when 323 is divided by (-27)/(-3) + (-10 - (19 + -87)).
55
Suppose 2484 = 91*r - 7708. Calculate the remainder when r is divided by 64.
48
Let f(s) = -9*s - 59. Let t be f(-7). Suppose -5*m - t*h = -6*m + 69, -2*h = -3*m + 207. What is the remainder when m is divided by 9?
6
Let a(s) = -2*s**3 - 7*s**2 + 2*s + 46. Calculate the remainder when 4*(3 + (-9)/4) - -94 is divided by a(-3).
4
Suppose -38*u + 811 + 1502 + 1031 = 0. Calculate the remainder when 10203 is divided by u.
83
Suppose 120 = 3*u + 114. Suppose 25*t - 300 = -4*h + 21*t, -4*h + 324 = -u*t. What is the remainder when h is divided by 40?
39
Let l = 10480 + -10437. Let a = -6 - -25. Calculate the remainder when l is divided by a.
5
Let z(h) = 8 - 2*h**3 - 11*h + 14*h + 10*h**2 + 8*h - 6*h**2. What is the remainder when z(-5) is divided by 17?
14
Let f(r) = r**2 + 149*r - 440. Calculate the remainder when 154 is divided by f(3).
10
Suppose 10 = 5*j - 15. Suppose 0 = -2*b + j*b - 15. Suppose 80*d = 65*d + 240. What is the remainder when d is divided by b?
1
Suppose -36*w + 4144 + 3176 = 2316. Calculate the remainder when w is divided by 77.
62
Suppose -12 = -10*t + 9*t + 2*q, -2*t = -2*q - 22. Calculate the remainder when (21 + 0)/((-6)/(-4)) + 0 is divided by t.
4
Suppose -b - 1 = -2*z, 4*z - 22 = -5*b - 13. What is the remainder when 186/26 + (-30)/195 is divided by b?
0
Let f(l) = 2*l - 13. Let s be f(7). Let g be (-15 - (s - 2))/(16/(-8)). What is the remainder when 66 is divided by 4 + g - (-3)/1?
10
Let h be (-2 - -3) + 0 + 0. Suppose -1113*t + 340 = -1096*t. Let r = h + t. Calculate the remainder when 39 is divided by r.
18
Suppose -50*k = -7*k - 5141 - 80730. What is the remainder when k is divided by 7?
2
Suppose 79*v - 4845 = -6*v. What is the remainder when 1310 is divided by v?
56
What is the remainder when 239 is divided by 74/3 + ((-1525)/(-75) - 20)?
14
Let f(y) be the second derivative of y**4/12 + 5*y**3/6 - 18*y**2 + 2*y - 44. What is the remainder when f(-14) is divided by 1 + ((-58)/(-2) - -1)?
28
Let d = -394 - -585. Suppose l + d = 4*y, 163 = 5*y - 2*l - 72. Calculate the remainder when 162 is divided by y.
15
Let n = -270 - -285. Suppose -n*p = -706 + 61. Calculate the remainder when 160 is divided by p.
31
Suppose 0 = -4*y + 395 - 355. Let w(u) = 10*u - 53. Calculate the remainder when w(y) is divided by 8.
7
Suppose 13*f + 2*z - 4342 = 9*f, 5*z = -5*f + 5425. What is the remainder when f is divided by 21?
15
Let j = -3013 - -3219. What is the remainder when j is divided by 26?
24
Let g = 121 + -55. Suppose 5*i = -5*m + 90, 44*i = 49*i - 20. Suppose m*c - 11*c - 51 = 0. Calculate the remainder when g is divided by c.
15
Let z be (4 + 54/(-12))*0. Suppose 4*x + 33*b - 30*b - 133 = z, 0 = 5*x + 3*b - 167. What is the remainder when x is divided by ((-6)/15)/((-3)/90)?
10
Suppose -5*o - 39 = -49, -2*g + 2*o = -44. Calculate the remainder when g is divided by 5.
4
Let n = 96 - 115. Let a = 17 + n. Let p(i) = -5*i**3 - 2*i**2 - i + 2. What is the remainder when p(a) is divided by 10?
6
Let u(m) = -3*m + 4*m + 12*m**2 - 11*m**2 - 3. Let q be u(-6). What is the remainder when 62 is divided by (q/36)/(1/12)?
8
Suppose 34*g - 6238 = 8212. Let w = g - 403. What is the remainder when 81 is divided by w?
15
Suppose 0 = 5*o - l + 381, -5*l + 53 = -2*o - 81. Calculate the remainder when (-2 - (1 - o))*-1 is divided by ((-1133)/33 - -7)*6/(-4).
39
Let q(b) = -b**3 + 3*b**2 + 3*b. What is the remainder when 2/(-9) + 1416/54 is divided by q(-2)?
12
What is the remainder when 514 is divided by (132/726)/((-3)/(-4191))?
6
Let i(n) = 5*n**2 - 15*n + 12. Let v(t) = -t**3 + 8*t**2 - 10*t - 8. Let y be v(6). What is the remainder when 541 is divided by i(y)?
29
Let c = 123 - 99. What is t